{"id":6027,"date":"2021-04-30T15:17:15","date_gmt":"2021-04-30T13:17:15","guid":{"rendered":"https:\/\/sigedal.se\/?page_id=6027"},"modified":"2021-04-30T15:17:15","modified_gmt":"2021-04-30T13:17:15","slug":"svensson-anders-2","status":"publish","type":"page","link":"https:\/\/sigedal.se\/index.php\/svensson-anders-2\/","title":{"rendered":"Svensson Anders"},"content":{"rendered":"\n<figure class=\"wp-block-table is-style-stripes\"><table><tbody><tr><td>F\u00f6dd \u00e5r 1780 i Kisa<\/td><\/tr><tr><td>D\u00f6d \u00e5r 18xx i<\/td><\/tr><tr><td>Gift \u00e5r 19xx med<\/td><\/tr><tr><td>Far:<\/td><\/tr><tr><td>Mor:<\/td><\/tr><tr><td>Barn:&nbsp;fem barn<\/td><\/tr><tr><td>Yrke:<\/td><\/tr><tr><td>Har bott i<a href=\"https:\/\/sigedal.se\/index.php\/gustad-sodergard\/\" data-type=\"page\" data-id=\"616\"> Gustad S\u00f6derg\u00e5rd.<\/a><\/td><\/tr><tr><td>Fotografi tagit \u00e5r<\/td><\/tr><tr><td>Ber\u00e4ttelser<\/td><\/tr><tr><td>\u00d6vrigt \u00c4ger 3\/8 Gustad S\u00f6derg\u00e5rd n\u00e4r familjen flyttar till Sj\u00f6gestad<\/td><\/tr><\/tbody><\/table><\/figure>\n","protected":false},"excerpt":{"rendered":"<p>F\u00f6dd \u00e5r 1780 i Kisa D\u00f6d \u00e5r 18xx i Gift \u00e5r 19xx med Far: Mor: Barn:&nbsp;fem barn Yrke: Har bott i Gustad S\u00f6derg\u00e5rd. Fotografi tagit \u00e5r Ber\u00e4ttelser \u00d6vrigt \u00c4ger 3\/8 Gustad S\u00f6derg\u00e5rd n\u00e4r familjen flyttar till Sj\u00f6gestad<\/p>\n","protected":false},"author":3,"featured_media":0,"parent":0,"menu_order":0,"comment_status":"closed","ping_status":"closed","template":"","meta":{"footnotes":""},"class_list":["post-6027","page","type-page","status-publish","hentry"],"jetpack-related-posts":[{"id":411,"url":"https:\/\/sigedal.se\/index.php\/gustad\/","url_meta":{"origin":6027,"position":0},"title":"Gustad","author":"Kent","date":"2021-03-25","format":false,"excerpt":"G\u00e5rdarGustad Aspeg\u00e5rdGustad Lilla S\u00f6derg\u00e5rdGustad Mellang\u00e5rd 1Gustad Mellang\u00e5rd 2Gustad Norrg\u00e5rdGustad K\u00e4llg\u00e5rdGustad Pilg\u00e5rdGustad Skatteg\u00e5rdGustad S\u00f6derg\u00e5rdGustad \u00c5hyddanTorp \u00e5terfinns i den f\u00f6r alla torp gemensamma torplistan. I ett s.k. fastebrev fr\u00e5n \u00e5r 1347 anges Ragnvald Magnusson som \u00e4gare till Gustad.Storskifte genomf\u00f6rdes 1783 - 1785Laga skifte genomf\u00f6rdes 1844-1846Det f\u00f6rsta f\u00f6rslaget till Laga Skifte \u00f6verklagades. Det\u2026","rel":"","context":"Liknande inl\u00e4gg","block_context":{"text":"Liknande inl\u00e4gg","link":""},"img":{"alt_text":"","src":"","width":0,"height":0},"classes":[]},{"id":615,"url":"https:\/\/sigedal.se\/index.php\/gustad-skattegard\/","url_meta":{"origin":6027,"position":1},"title":"Gustad Skatteg\u00e5rd","author":"Kent","date":"2021-03-25","format":false,"excerpt":"Flygfoto troligen 1960-talet Foto Kent Sigedal 2002 G\u00e5rden har omv\u00e4xlande kallats Aspeg\u00e5rden och Skatteg\u00e5rden. \u00c5r 1994 \u00e4ndrades namnet till Skatteg\u00e5rden d\u00e5 posten genomf\u00f6rde ett arbete med att uppdatera adresserna p\u00e5 landsbygden. Man ville inte att tv\u00e5 fastigheter skulle ha samma adress. Se Gustad Aspeg\u00e5rd.Mang\u00e5rdsbyggnaden avstyckades 1968 och d\u00e5varande \u00e4gare fr\u00e5ns\u00e5lde\u2026","rel":"","context":"Liknande inl\u00e4gg","block_context":{"text":"Liknande inl\u00e4gg","link":""},"img":{"alt_text":"","src":"https:\/\/i0.wp.com\/sigedal.se\/wp-content\/uploads\/2021\/03\/vk5191liten-1.jpg?resize=350%2C200&ssl=1","width":350,"height":200,"srcset":"https:\/\/i0.wp.com\/sigedal.se\/wp-content\/uploads\/2021\/03\/vk5191liten-1.jpg?resize=350%2C200&ssl=1 1x, https:\/\/i0.wp.com\/sigedal.se\/wp-content\/uploads\/2021\/03\/vk5191liten-1.jpg?resize=525%2C300&ssl=1 1.5x"},"classes":[]},{"id":5957,"url":"https:\/\/sigedal.se\/index.php\/samuelsdotter-ida-augusta\/","url_meta":{"origin":6027,"position":2},"title":"Samuelsdotter Ida Augusta","author":"Kent","date":"2021-04-30","format":false,"excerpt":"F\u00f6dd \u00e5r 1856 i VikingstadD\u00f6d \u00e5r 1xxx iGift \u00e5r 18xx med Karl Johan Alfred Petersson (f 1846 i \u00c5sbo - 19xx)Far: Samuel Persson (1814 -\u00a0 1897)Mor: Johanna Andersdotter (1827 -\u00a0Barn:\u00a0Dagmar Alfrida (f 1888)Yrke:Har bott i Gustad Skatteg\u00e5rd (1856 -\u00a0\u00a0\u00a0\u00a0 ), Rinna sn (\u00a0 - 1885), Gustad S\u00f6derg\u00e5rd (1885 - 1897)\u2026","rel":"","context":"Liknande inl\u00e4gg","block_context":{"text":"Liknande inl\u00e4gg","link":""},"img":{"alt_text":"","src":"","width":0,"height":0},"classes":[]},{"id":5859,"url":"https:\/\/sigedal.se\/index.php\/pettersson-dagmar-alfrida\/","url_meta":{"origin":6027,"position":3},"title":"Pettersson Dagmar Alfrida","author":"Kent","date":"2021-04-29","format":false,"excerpt":"F\u00f6dd \u00e5r 1888-01-12 i Vikingstad (Gustad Skatteg\u00e5rd)D\u00f6d \u00e5r 1974-03-30 i Gustad S\u00f6derg\u00e5rdGift \u00e5r 1911-08-29 med Johan Almberg (1876-06-23 i Hylletofta -\u00a01959-03-11)Far: Petersson Karl Johan Alfred Mor: \u00a0Ida Augusta SamuelsdotterBarn:\u00a0Yngve (1919-07-27-2007-04-19)Yrke:Har bott i Gustad Skatteg\u00e5rd (1888 - ), Gustad S\u00f6derg\u00e5rd (\u00a0 -\u00a0 )Fotografi tagit \u00e5rBer\u00e4ttelser\u00d6vrigt","rel":"","context":"Liknande inl\u00e4gg","block_context":{"text":"Liknande inl\u00e4gg","link":""},"img":{"alt_text":"","src":"","width":0,"height":0},"classes":[]},{"id":4879,"url":"https:\/\/sigedal.se\/index.php\/johan-peter-nilsson\/","url_meta":{"origin":6027,"position":4},"title":"Johan Peter Nilsson","author":"Kent","date":"2021-04-20","format":false,"excerpt":"F\u00f6dd \u00e5r 1838-05-06 i BrunnebyD\u00f6d \u00e5r 1919-11-27 i Vikingstad (Gustad Lunden)Gift \u00e5r 1895-03-03 med Inga Lena (Helena) Nilsdotter (1850-1924)Far: Dagl\u00f6nare\/Statdr\u00e4ng Niclas Eriksson (1807-04-19 i Klockrike -)Mor: Carin Bengtsdotter (1806-12-02 i Ljung - )Barn:\u00a0MajaYrke: SmedHar bott i Brunneby (1838-1847), Gustad Smedstorp 1860-03-25 - 1863), Gustad K\u00e4llg\u00e5rd (1863-1884) Gustad Lunden (1884-1919)Fotografi tagit\u2026","rel":"","context":"Liknande inl\u00e4gg","block_context":{"text":"Liknande inl\u00e4gg","link":""},"img":{"alt_text":"","src":"https:\/\/i0.wp.com\/sigedal.se\/wp-content\/uploads\/2021\/05\/Gravstenen-002.jpg?resize=350%2C200&ssl=1","width":350,"height":200,"srcset":"https:\/\/i0.wp.com\/sigedal.se\/wp-content\/uploads\/2021\/05\/Gravstenen-002.jpg?resize=350%2C200&ssl=1 1x, https:\/\/i0.wp.com\/sigedal.se\/wp-content\/uploads\/2021\/05\/Gravstenen-002.jpg?resize=525%2C300&ssl=1 1.5x"},"classes":[]},{"id":4832,"url":"https:\/\/sigedal.se\/index.php\/larsson-august\/","url_meta":{"origin":6027,"position":5},"title":"Larsson August","author":"Kent","date":"2021-04-19","format":false,"excerpt":"F\u00f6dd \u00e5r 1858-06-05 i Sj\u00f6gestadD\u00f6d \u00e5r 1929-05-31 i Vikingstad (Gustad Lilla S\u00f6derg\u00e5rd)OgiftFar:Mor:Barn:\u00a0Yrke: JordbrukareHar bott i Gustad Lilla S\u00f6derg\u00e5rdFotografi tagit \u00e5rBer\u00e4ttelser\u00d6vrigt: Drev jordbruket p\u00e5 Gustad Lilla S\u00f6derg\u00e5rd tillsammans med sin syster Mina","rel":"","context":"Liknande inl\u00e4gg","block_context":{"text":"Liknande inl\u00e4gg","link":""},"img":{"alt_text":"","src":"","width":0,"height":0},"classes":[]}],"jetpack_sharing_enabled":true,"_links":{"self":[{"href":"https:\/\/sigedal.se\/index.php\/wp-json\/wp\/v2\/pages\/6027","targetHints":{"allow":["GET"]}}],"collection":[{"href":"https:\/\/sigedal.se\/index.php\/wp-json\/wp\/v2\/pages"}],"about":[{"href":"https:\/\/sigedal.se\/index.php\/wp-json\/wp\/v2\/types\/page"}],"author":[{"embeddable":true,"href":"https:\/\/sigedal.se\/index.php\/wp-json\/wp\/v2\/users\/3"}],"replies":[{"embeddable":true,"href":"https:\/\/sigedal.se\/index.php\/wp-json\/wp\/v2\/comments?post=6027"}],"version-history":[{"count":1,"href":"https:\/\/sigedal.se\/index.php\/wp-json\/wp\/v2\/pages\/6027\/revisions"}],"predecessor-version":[{"id":6028,"href":"https:\/\/sigedal.se\/index.php\/wp-json\/wp\/v2\/pages\/6027\/revisions\/6028"}],"wp:attachment":[{"href":"https:\/\/sigedal.se\/index.php\/wp-json\/wp\/v2\/media?parent=6027"}],"curies":[{"name":"wp","href":"https:\/\/api.w.org\/{rel}","templated":true}]}}