{"id":5983,"date":"2021-04-30T14:18:57","date_gmt":"2021-04-30T12:18:57","guid":{"rendered":"https:\/\/sigedal.se\/?page_id=5983"},"modified":"2024-03-31T15:50:36","modified_gmt":"2024-03-31T13:50:36","slug":"sigfrid-simonsson","status":"publish","type":"page","link":"https:\/\/sigedal.se\/index.php\/sigfrid-simonsson\/","title":{"rendered":"Sigfrid Simonsson"},"content":{"rendered":"\n<figure class=\"wp-block-table is-style-stripes\"><table><tbody><tr><td>F\u00f6dd \u00e5r 1897-01-24 i Vikingstad<\/td><\/tr><tr><td>D\u00f6d \u00e5r 1979-06-25 i Link\u00f6ping (Nya Tanneforsv\u00e4gen 27B)<\/td><\/tr><tr><td>Gift \u00e5r 1930-05-23 med Elsa Martina f \u00c5kerlund (1905-07-05-1970-01-22 i Eklund, Gismestad Nyg\u00e5rd 1:4)<\/td><\/tr><tr><td>Far: <a href=\"https:\/\/sigedal.se\/index.php\/andersson-simon\/\" data-type=\"page\" data-id=\"3310\">Simon Andersson<\/a>,\u00a0 <a href=\"https:\/\/sigedal.se\/index.php\/hagen\/\" data-type=\"page\" data-id=\"517\">Boo Hagen<\/a><\/td><\/tr><tr><td>Mor: Kristina Andersson (1851-11-20 &#8211; 1937-03-03) <\/td><\/tr><tr><td>Barn:&nbsp;<\/td><\/tr><tr><td>Yrke: Livsmedelshandlare<\/td><\/tr><tr><td>Har bott i: Brink Eklund<\/td><\/tr><tr><td>Fotografi tagit \u00e5r<\/td><\/tr><tr><td>Ber\u00e4ttelser: <a href=\"https:\/\/sigedal.se\/index.php\/simonssons-lanthandel-nya\/\" data-type=\"page\" data-id=\"1274\">Simonssons Lanthandel<\/a> av Marianne Brinkby; <a href=\"https:\/\/sigedal.se\/index.php\/mitt-forsta-arbete\/\">Min f\u00f6rsta anst\u00e4llning<\/a> av Lennart \u00c5kerlund<\/td><\/tr><tr><td>\u00d6vrigt<\/td><\/tr><\/tbody><\/table><\/figure>\n","protected":false},"excerpt":{"rendered":"<p>F\u00f6dd \u00e5r 1897-01-24 i Vikingstad D\u00f6d \u00e5r 1979-06-25 i Link\u00f6ping (Nya Tanneforsv\u00e4gen 27B) Gift \u00e5r 1930-05-23 med Elsa Martina f \u00c5kerlund (1905-07-05-1970-01-22 i Eklund, Gismestad Nyg\u00e5rd 1:4) Far: Simon Andersson,\u00a0 Boo Hagen Mor: Kristina Andersson (1851-11-20 &#8211; 1937-03-03) Barn:&nbsp; Yrke: Livsmedelshandlare Har bott i: Brink Eklund Fotografi tagit \u00e5r Ber\u00e4ttelser: Simonssons Lanthandel av Marianne Brinkby; &hellip; <a href=\"https:\/\/sigedal.se\/index.php\/sigfrid-simonsson\/\" class=\"more-link\">Forts\u00e4tt l\u00e4sa<span class=\"screen-reader-text\"> \u201dSigfrid Simonsson\u201d<\/span><\/a><\/p>\n","protected":false},"author":3,"featured_media":0,"parent":0,"menu_order":0,"comment_status":"closed","ping_status":"closed","template":"","meta":{"footnotes":""},"class_list":["post-5983","page","type-page","status-publish","hentry"],"jetpack-related-posts":[{"id":1274,"url":"https:\/\/sigedal.se\/index.php\/simonssons-lanthandel-nya\/","url_meta":{"origin":5983,"position":0},"title":"Simonssons lanthandel (nya)","author":"Kent","date":"2021-03-27","format":false,"excerpt":"Simonssons lanthandel (\u00f6ppnad 1946) Fr\u00e5n Kent Sigedals vykortssamling Sigfrid Simonsson, f\u00f6dd 1897, son till byggm\u00e4stare Simon Andersson i Hagen Gunnorp, arbetade i sin ungdom som byggnadsarbetare och i jordbruk. N\u00e4r han gjorde sin v\u00e4rnplikt, \u00e5drog han sig en f\u00f6rkylning med varbildning i lungs\u00e4cken. Efter detta ans\u00e5gs han inte kunna utf\u00f6ra\u2026","rel":"","context":"Liknande inl\u00e4gg","block_context":{"text":"Liknande inl\u00e4gg","link":""},"img":{"alt_text":"","src":"https:\/\/i0.wp.com\/sigedal.se\/wp-content\/uploads\/2021\/03\/vk5029liten.jpg?resize=350%2C200&ssl=1","width":350,"height":200},"classes":[]},{"id":6152,"url":"https:\/\/sigedal.se\/index.php\/akerlund-johan-alfred\/","url_meta":{"origin":5983,"position":1},"title":"\u00c5kerlund Johan Alfred","author":"Kent","date":"2021-04-30","format":false,"excerpt":"F\u00f6dd \u00e5r 1854-07-29 i G\u00e4llstad sn, \u00c4lvsborgs l\u00e4nD\u00f6d \u00e5r 1934-01-05 i Vikingstad (Bo Hagen)Gift \u00e5r 1876-11-25 med \u00c5nstrand Johanna CarolinaFar:Mor:Barn:\u00a0Anna Carolina (1876-10-15 - 1966 i USA), Hulda Johanna (1878-10-15 - 1908), Eugenia (Jenny) Matilda (1880-02-10 - 1967 i USA), Maria (Mia) Viktoria (1881-01-10 - 1907), M\u00e4rtha Charlotta (1883-08-18 - 1963\u2026","rel":"","context":"Liknande inl\u00e4gg","block_context":{"text":"Liknande inl\u00e4gg","link":""},"img":{"alt_text":"","src":"","width":0,"height":0},"classes":[]},{"id":3503,"url":"https:\/\/sigedal.se\/index.php\/dittmer-torsten\/","url_meta":{"origin":5983,"position":2},"title":"Dittmer Torsten","author":"Kent","date":"2021-04-09","format":false,"excerpt":"Kyrkoherde Dittmer i Sj\u00f6gestad kyrka 1942-11-29 (f\u00f6rsta advent). Dop av Margaretha Lindell, dotter till Thord Lindell, l\u00e4rare p\u00e5 Lunnevad folkh\u00f6gskola. Dopvittnen var folkh\u00f6gskolans elever F\u00f6dd \u00e5r 1892-10-29 i G\u00f6teborgD\u00f6d \u00e5r 1965-10-23 i Link\u00f6pingGift \u00e5r 1921-05-14 med Stanny Andrea Augusta Lindmark (f 1886-03-09)Far: Ludvig Fredrik DittmerMor: Elna \u00c5kessonBarn:\u00a0Torgny (1924-07-13), Elna Britta\u2026","rel":"","context":"Liknande inl\u00e4gg","block_context":{"text":"Liknande inl\u00e4gg","link":""},"img":{"alt_text":"","src":"https:\/\/i0.wp.com\/sigedal.se\/wp-content\/uploads\/2021\/08\/Torsten-Dittmer.jpg?resize=350%2C200","width":350,"height":200,"srcset":"https:\/\/i0.wp.com\/sigedal.se\/wp-content\/uploads\/2021\/08\/Torsten-Dittmer.jpg?resize=350%2C200 1x, https:\/\/i0.wp.com\/sigedal.se\/wp-content\/uploads\/2021\/08\/Torsten-Dittmer.jpg?resize=525%2C300 1.5x, https:\/\/i0.wp.com\/sigedal.se\/wp-content\/uploads\/2021\/08\/Torsten-Dittmer.jpg?resize=700%2C400 2x"},"classes":[]},{"id":517,"url":"https:\/\/sigedal.se\/index.php\/hagen\/","url_meta":{"origin":5983,"position":3},"title":"Hagen (Boo by, Vikingstad sn)","author":"Kent","date":"2021-03-25","format":false,"excerpt":"Foto 1940-tal. Byggt ca 1800. -Bebott av\u00c5r-\u00c5rFr\u00e5n\/till\u00d6vrigtPer Axel Gunnar \u00c5nstr\u00f6m (1852-09-16 - ) Gift 1875-05-09 med1875-1879\/Gismestad nr 66 (Gunnarstorp)Karolina Charlotta Karlsdotter (1852-10-04 - )1879-Nykil\/Gismestad nr 66 (Gunnarstorp)Barn: Karl Axel (1875-10-10 - ), Johan Oskar (1877-04-29 - ), Hulda Axelina (1879-04-14 - )Gustaf Fredrik Molin (1856-07-29 - ) Gift 1882-04-16 med1879-Rakered\u2026","rel":"","context":"Liknande inl\u00e4gg","block_context":{"text":"Liknande inl\u00e4gg","link":""},"img":{"alt_text":"","src":"https:\/\/i0.wp.com\/sigedal.se\/wp-content\/uploads\/2025\/11\/Boo-Hagen.png?resize=350%2C200&ssl=1","width":350,"height":200,"srcset":"https:\/\/i0.wp.com\/sigedal.se\/wp-content\/uploads\/2025\/11\/Boo-Hagen.png?resize=350%2C200&ssl=1 1x, https:\/\/i0.wp.com\/sigedal.se\/wp-content\/uploads\/2025\/11\/Boo-Hagen.png?resize=525%2C300&ssl=1 1.5x, https:\/\/i0.wp.com\/sigedal.se\/wp-content\/uploads\/2025\/11\/Boo-Hagen.png?resize=700%2C400&ssl=1 2x"},"classes":[]},{"id":1204,"url":"https:\/\/sigedal.se\/index.php\/personforteckning-a-2\/","url_meta":{"origin":5983,"position":4},"title":"Personf\u00f6rteckning \u00c5","author":"Kent","date":"2021-03-26","format":false,"excerpt":"NamnBoddeLevde\u00c5berg AnstinaGustad Slanten18xx - 1915\u00c5berg KarlGustad Stenstugan1829-01-03-1921-11-01\u00c5kerlund Johan AlfredGunnorp Hagen1854-07-29 - 1934-01-05\u00c5nell Gustaf Adolf\u00c5nesta Soldattorp nr 57\u00c5nell Ernst Walfrid\u00d6sterhagen, Fol\u00e5sa Bergg\u00e5rd, Storhagsgatan 21907 - 1990\u00c5nell Nils Ivan\u00d6sterhagen1919 - 1997\u00c5nstrand Johanna CarolinaGunnorp Hagen1856-05-24 - 1948-11-04\u00c5nstrand Jonas Wilhelm\u00a0\u00c5nestad Soldattorp nr 571787 -\u00a01859-10-01","rel":"","context":"Liknande inl\u00e4gg","block_context":{"text":"Liknande inl\u00e4gg","link":""},"img":{"alt_text":"","src":"","width":0,"height":0},"classes":[]},{"id":3749,"url":"https:\/\/sigedal.se\/index.php\/gustavsson-knut\/","url_meta":{"origin":5983,"position":5},"title":"Gustavsson Knut Nicolaus","author":"Kent","date":"2021-04-11","format":false,"excerpt":"Foto 1923. Knut Gustavsson och Klas \u00c5kerlund, Gunnorp (f 1888) p\u00e5 g\u00e4rdsg\u00e5rden. F\u00f6dd \u00e5r 1887-12-17 i VikingstadD\u00f6d \u00e5r 1952-03-14 i BorensbergGift \u00e5r 1914-03-21 med Anna Augusta Larsson (1885-06-22 - 1953-04-22)Far: Johan Petter Gustafsson (1846-08-02 - 1908-12-10) Gift med Matilda 1880-08-01Mor: Matilda Johansdotter (1844-04-23 - )Barn:\u00a0Knut Erik (1915-03-26 - ), Lars\u2026","rel":"","context":"Liknande inl\u00e4gg","block_context":{"text":"Liknande inl\u00e4gg","link":""},"img":{"alt_text":"","src":"https:\/\/i0.wp.com\/sigedal.se\/wp-content\/uploads\/2021\/09\/Knut-Gustafsson.jpg?resize=350%2C200&ssl=1","width":350,"height":200,"srcset":"https:\/\/i0.wp.com\/sigedal.se\/wp-content\/uploads\/2021\/09\/Knut-Gustafsson.jpg?resize=350%2C200&ssl=1 1x, https:\/\/i0.wp.com\/sigedal.se\/wp-content\/uploads\/2021\/09\/Knut-Gustafsson.jpg?resize=525%2C300&ssl=1 1.5x"},"classes":[]}],"jetpack_sharing_enabled":true,"_links":{"self":[{"href":"https:\/\/sigedal.se\/index.php\/wp-json\/wp\/v2\/pages\/5983","targetHints":{"allow":["GET"]}}],"collection":[{"href":"https:\/\/sigedal.se\/index.php\/wp-json\/wp\/v2\/pages"}],"about":[{"href":"https:\/\/sigedal.se\/index.php\/wp-json\/wp\/v2\/types\/page"}],"author":[{"embeddable":true,"href":"https:\/\/sigedal.se\/index.php\/wp-json\/wp\/v2\/users\/3"}],"replies":[{"embeddable":true,"href":"https:\/\/sigedal.se\/index.php\/wp-json\/wp\/v2\/comments?post=5983"}],"version-history":[{"count":6,"href":"https:\/\/sigedal.se\/index.php\/wp-json\/wp\/v2\/pages\/5983\/revisions"}],"predecessor-version":[{"id":12583,"href":"https:\/\/sigedal.se\/index.php\/wp-json\/wp\/v2\/pages\/5983\/revisions\/12583"}],"wp:attachment":[{"href":"https:\/\/sigedal.se\/index.php\/wp-json\/wp\/v2\/media?parent=5983"}],"curies":[{"name":"wp","href":"https:\/\/api.w.org\/{rel}","templated":true}]}}