{"id":4067,"date":"2021-04-13T12:35:02","date_gmt":"2021-04-13T10:35:02","guid":{"rendered":"https:\/\/sigedal.se\/?page_id=4067"},"modified":"2021-10-21T14:57:47","modified_gmt":"2021-10-21T12:57:47","slug":"boende-pa-skoldstad-sateri","status":"publish","type":"page","link":"https:\/\/sigedal.se\/index.php\/boende-pa-skoldstad-sateri\/","title":{"rendered":"Boende p\u00e5 Sk\u00f6ldstad S\u00e4teri"},"content":{"rendered":"\n<figure class=\"wp-block-table is-style-stripes\"><table><tbody><tr><td><strong>Namn<\/strong><\/td><td><strong>Levde<\/strong><\/td><td><strong>Bodde h\u00e4r<\/strong><\/td><td><strong>\u00d6vrigt<\/strong><\/td><\/tr><tr><td>Christian Hendelberg<\/td><td>1740 &#8211;<\/td><td>1790-talet<\/td><td>Fr\u00e5n Norrk\u00f6ping<\/td><\/tr><tr><td>Kusken Pet. V\u00e4nergren<\/td><td>1740 &#8211;<\/td><td>1790-talet<\/td><td>Fr\u00e5n V\u00e4sterl\u00f6sa<\/td><\/tr><tr><td>R\u00e4ttaren Jonas Svensson<\/td><td>1757 &#8211;<\/td><td>1790-talet &#8211; b\u00f6rjan 1800-talet<\/td><td>Fr\u00e5n Gammalkil<\/td><\/tr><tr><td>hans hustru Lisa Carlsdotter<\/td><td>1764 &#8211;<\/td><td>1790-talet &#8211; b\u00f6rjan 1800-talet<\/td><td>Fr\u00e5n Ulrika<\/td><\/tr><tr><td><\/td><td><\/td><td><\/td><td><\/td><\/tr><tr><td>Tr\u00e4dg\u00e5rdsm\u00e4staren Pet. Fogelgren<\/td><td>1760 &#8211;<\/td><td>1790-talet<\/td><td><\/td><\/tr><tr><td>hans hustru Greta Eriksdotter<\/td><td>1766 &#8211;<\/td><td>1790-talet<\/td><td><\/td><\/tr><tr><td><\/td><td><\/td><td><\/td><td><\/td><\/tr><tr><td>Jungfrun Anna Christina Ljungberg<\/td><td>1779 &#8211;<\/td><td>slutet 1790-talet &#8211; b\u00f6rjan 1800-talet<\/td><td><\/td><\/tr><tr><td>Jungfrun Maria Kellman<\/td><td>1759 &#8211;<\/td><td>slutet 1790-talet &#8211; ca 1810<\/td><td><\/td><\/tr><tr><td><\/td><td><\/td><td><\/td><td><\/td><\/tr><tr><td><a href=\"https:\/\/sigedal.se\/index.php\/waltenberg-ulrica\/\" data-type=\"page\" data-id=\"2046\">Ulrica Waltenberg<\/a><\/td><td>1776-10-28 &#8211; 1835-04-09<\/td><td>xxxx &#8211; 1809<\/td><td>Kammarpiga<\/td><\/tr><tr><td><a href=\"https:\/\/sigedal.se\/index.php\/ringstrom-sven\/\" data-type=\"page\" data-id=\"2040\">Sven Ringstr\u00f6m<\/a><\/td><td>1779 &#8211; 1855-02-10<\/td><td>xxxx &#8211; 1809<\/td><td>Kusk<\/td><\/tr><tr><td>&nbsp;Sven och Ulrica gifter sig 1806, \u00f6vertar <a href=\"https:\/\/sigedal.se\/index.php\/rakered\/rakereds-kvarn\/\" data-type=\"page\" data-id=\"1418\">Rakereds Kvarn<\/a> 1809.<\/td><td>&nbsp;<\/td><td>&nbsp;<\/td><td>&nbsp;<\/td><\/tr><tr><td><\/td><td><\/td><td><\/td><td><\/td><\/tr><tr><td>R\u00e4ttaren Anders Fredrik Svensson<\/td><td>1842-10-17 &#8211;<\/td><td><\/td><td><\/td><\/tr><tr><td>Fredrika Carolina<\/td><td>1839-08-04 &#8211;<\/td><td><\/td><td><\/td><\/tr><tr><td>Barn: Karl Melker (1875-09-12)<\/td><td><\/td><td><\/td><td><\/td><\/tr><tr><td><\/td><td><\/td><td><\/td><td><\/td><\/tr><tr><td>R\u00e4ttaren <a href=\"https:\/\/sigedal.se\/index.php\/svensson-karl-august\/\" data-type=\"page\" data-id=\"6042\">Karl August Svensson<\/a><\/td><td>1869-04-24 i V\u00e4derstad &#8211; )<\/td><td>1895 &#8211; 1902<\/td><td>kom fr\u00e5n Visings\u00f6, flyttade till Boo<\/td><\/tr><tr><td><a href=\"https:\/\/sigedal.se\/index.php\/nilsdotter-augusta-hildur\/\" data-type=\"page\" data-id=\"5379\">Augusta Hildur Nilsdotter<\/a><\/td><td>1865-12-16 p\u00e5 Visings\u00f6<\/td><td><\/td><td><\/td><\/tr><tr><td>Barn: Karl Erik (1895-06-21), Greta Hildur Elisabeth (1896-06-01), <a href=\"https:\/\/sigedal.se\/index.php\/svensson-elsa-cecilia\/\" data-type=\"page\" data-id=\"6036\">Elsa Cecilia<\/a> (1898-01-18), Nils Tage (1899-03-07), Karl Birger (1900-07-15), Lisa Linnea (1902-11-02)<\/td><td><\/td><td><\/td><td><\/td><\/tr><tr><td><\/td><td><\/td><td><\/td><td><\/td><\/tr><\/tbody><\/table><\/figure>\n\n\n\n<figure class=\"wp-block-image size-large\"><img data-recalc-dims=\"1\" loading=\"lazy\" decoding=\"async\" width=\"840\" height=\"602\" src=\"https:\/\/i0.wp.com\/sigedal.se\/wp-content\/uploads\/2021\/10\/331.jpg?resize=840%2C602&#038;ssl=1\" alt=\"\" class=\"wp-image-8158\" srcset=\"https:\/\/i0.wp.com\/sigedal.se\/wp-content\/uploads\/2021\/10\/331-scaled.jpg?resize=1024%2C734&amp;ssl=1 1024w, https:\/\/i0.wp.com\/sigedal.se\/wp-content\/uploads\/2021\/10\/331-scaled.jpg?resize=300%2C215&amp;ssl=1 300w, https:\/\/i0.wp.com\/sigedal.se\/wp-content\/uploads\/2021\/10\/331-scaled.jpg?resize=768%2C551&amp;ssl=1 768w, https:\/\/i0.wp.com\/sigedal.se\/wp-content\/uploads\/2021\/10\/331-scaled.jpg?resize=1536%2C1101&amp;ssl=1 1536w, https:\/\/i0.wp.com\/sigedal.se\/wp-content\/uploads\/2021\/10\/331-scaled.jpg?resize=2048%2C1468&amp;ssl=1 2048w, https:\/\/i0.wp.com\/sigedal.se\/wp-content\/uploads\/2021\/10\/331-scaled.jpg?resize=1200%2C860&amp;ssl=1 1200w, https:\/\/i0.wp.com\/sigedal.se\/wp-content\/uploads\/2021\/10\/331-scaled.jpg?w=1680&amp;ssl=1 1680w, https:\/\/i0.wp.com\/sigedal.se\/wp-content\/uploads\/2021\/10\/331-scaled.jpg?w=2520&amp;ssl=1 2520w\" sizes=\"auto, (max-width: 709px) 85vw, (max-width: 909px) 67vw, (max-width: 1362px) 62vw, 840px\" \/><figcaption><br>Fr\u00e5n v\u00e4nster: Johansson, utjorden <a href=\"https:\/\/sigedal.se\/index.php\/klinttorp\/\" data-type=\"page\" data-id=\"1484\">Klintorp<\/a>. Georg Andersson, son till \u00e4garen. \u00c5ke Nilsson, k\u00f6rkarl. Ingvar Pihl, andre k\u00f6rkarl. Nilsson, f\u00f6rste k\u00f6rkarl och pappa till \u00c5ke. Oskar Karlsson, utjorden <a href=\"https:\/\/sigedal.se\/index.php\/berg\/\">Berget<\/a>. Gillis Andersson, R\u00e4ttare. Oscar Blom, tredje k\u00f6rkarl.<\/figcaption><\/figure>\n","protected":false},"excerpt":{"rendered":"<p>Namn Levde Bodde h\u00e4r \u00d6vrigt Christian Hendelberg 1740 &#8211; 1790-talet Fr\u00e5n Norrk\u00f6ping Kusken Pet. V\u00e4nergren 1740 &#8211; 1790-talet Fr\u00e5n V\u00e4sterl\u00f6sa R\u00e4ttaren Jonas Svensson 1757 &#8211; 1790-talet &#8211; b\u00f6rjan 1800-talet Fr\u00e5n Gammalkil hans hustru Lisa Carlsdotter 1764 &#8211; 1790-talet &#8211; b\u00f6rjan 1800-talet Fr\u00e5n Ulrika Tr\u00e4dg\u00e5rdsm\u00e4staren Pet. Fogelgren 1760 &#8211; 1790-talet hans hustru Greta Eriksdotter 1766 &#8211; &hellip; <a href=\"https:\/\/sigedal.se\/index.php\/boende-pa-skoldstad-sateri\/\" class=\"more-link\">Forts\u00e4tt l\u00e4sa<span class=\"screen-reader-text\"> \u201dBoende p\u00e5 Sk\u00f6ldstad S\u00e4teri\u201d<\/span><\/a><\/p>\n","protected":false},"author":3,"featured_media":0,"parent":0,"menu_order":0,"comment_status":"closed","ping_status":"closed","template":"","meta":{"footnotes":""},"class_list":["post-4067","page","type-page","status-publish","hentry"],"jetpack-related-posts":[{"id":4375,"url":"https:\/\/sigedal.se\/index.php\/jonsdotter-kajsa\/","url_meta":{"origin":4067,"position":0},"title":"J\u00f6nsdotter Kajsa","author":"Kent","date":"2021-04-15","format":false,"excerpt":"F\u00f6dd \u00e5r 1764 i RappestadD\u00f6d \u00e5r 18xx iGift \u00e5r 17xx med torparen Lars Larsson (f 1766 i Vikingstad)Far:Mor: Lisken Hansdotter (f 1730 i Vikingstad)Barn:\u00a0Tv\u00e5 barn (i b\u00f6rjan av 1800-talet)Yrke:Har bott i Nybble G\u00e4rdestorpet (1790-talet - b\u00f6rjan av 1820-talet)Fotografi tagit \u00e5rBer\u00e4ttelser\u00d6vrigt: Har som inneboende makens bror Johan Larsson (f i Vikingstad)\u2026","rel":"","context":"Liknande inl\u00e4gg","block_context":{"text":"Liknande inl\u00e4gg","link":""},"img":{"alt_text":"","src":"","width":0,"height":0},"classes":[]},{"id":1523,"url":"https:\/\/sigedal.se\/index.php\/grindtorpet-gardestorpet-lusklamma\/","url_meta":{"origin":4067,"position":1},"title":"Grindtorpet (G\u00e4rdestorpet, Luskl\u00e4mma)(Nybble by, Vikingstad sn)","author":"Kent","date":"2021-03-28","format":false,"excerpt":"Bilden f\u00f6rest\u00e4ller Oscar Andersson i Lilla Haninge n\u00e4r han passerar G\u00e4rdestorpet p\u00e5 v\u00e4g till Rakereds kvarn. G\u00e4rdestorpet revs 1924.Foto 1921. Bebott avBodde h\u00e4rKom fr\u00e5n\/Flyttade till\u00d6vrigtSven Svensson 1755 i Malexander -1790-1792 \/Gismestad \u00e4gorMaja Jonsdotter 1753 i Vikingstad - 1790-1792 \/Gismestad \u00e4gorLarsson Lars 1769 -\u00a01828179x-1828Efter broderns flyttning inflyttade Kajsas mor Lisken och\u2026","rel":"","context":"Liknande inl\u00e4gg","block_context":{"text":"Liknande inl\u00e4gg","link":""},"img":{"alt_text":"","src":"https:\/\/i0.wp.com\/sigedal.se\/wp-content\/uploads\/2021\/03\/vk5026liten.jpg?resize=350%2C200&ssl=1","width":350,"height":200},"classes":[]},{"id":612,"url":"https:\/\/sigedal.se\/index.php\/gustad-norrgard\/","url_meta":{"origin":4067,"position":2},"title":"Gustad Norrg\u00e5rd","author":"Kent","date":"2021-03-25","format":false,"excerpt":"Foto 1940-talet. Huset byggt tidigt 1800-tal Foto\u00e5r ok\u00e4nt. Stora ombyggnader verkar vara p\u00e5 g\u00e5ng och tittar man noga s\u00e5 ser man tv\u00e5 personer som sitter p\u00e5 taket p\u00e5 flygeln till h\u00f6ger. Fotot tillhandah\u00e5llet 2025 av fastighetens \u00e4gare. Flygfoto \u00f6ver Gustad Norrg\u00e5rd 1947. Fotot tillhandah\u00e5llet 2025 av fastighetens \u00e4gare. Kronog\u00e5rd: Skallmejebl\u00e5sarebost\u00e4lle\u2026","rel":"","context":"Liknande inl\u00e4gg","block_context":{"text":"Liknande inl\u00e4gg","link":""},"img":{"alt_text":"","src":"https:\/\/i0.wp.com\/sigedal.se\/wp-content\/uploads\/2022\/10\/Gustad-Norrgard.jpg?resize=350%2C200&ssl=1","width":350,"height":200,"srcset":"https:\/\/i0.wp.com\/sigedal.se\/wp-content\/uploads\/2022\/10\/Gustad-Norrgard.jpg?resize=350%2C200&ssl=1 1x, https:\/\/i0.wp.com\/sigedal.se\/wp-content\/uploads\/2022\/10\/Gustad-Norrgard.jpg?resize=525%2C300&ssl=1 1.5x, https:\/\/i0.wp.com\/sigedal.se\/wp-content\/uploads\/2022\/10\/Gustad-Norrgard.jpg?resize=700%2C400&ssl=1 2x"},"classes":[]},{"id":3194,"url":"https:\/\/sigedal.se\/index.php\/andersson-anders-2\/","url_meta":{"origin":4067,"position":3},"title":"Andersson Anders","author":"Kent","date":"2021-04-08","format":false,"excerpt":"F\u00f6dd \u00e5r 1790 (eller 1796) i K\u00e4rnaD\u00f6d i b\u00f6rjan av 1870-taletGift \u00e5r 1827 med Lisa Larsdotter (f 1797 i Vikingstad)Far:Mor:Barn:\u00a0Anders Petter (f 1828, d 1844), Lars August (f 1831), Lovisa (f 1834) och Fredrika (f 1838) (alla f\u00f6dda i Vikingstad)Yrke: BackstugemanHar bott i Rakered B\u00e4ckstugan (ca 1827 - 1832), Rakered\u2026","rel":"","context":"Liknande inl\u00e4gg","block_context":{"text":"Liknande inl\u00e4gg","link":""},"img":{"alt_text":"","src":"","width":0,"height":0},"classes":[]},{"id":1483,"url":"https:\/\/sigedal.se\/index.php\/kattkallan\/","url_meta":{"origin":4067,"position":4},"title":"Kattk\u00e4llan (Sk\u00f6ldstad S\u00e4teri, Vikingstad sn)","author":"Kent","date":"2021-03-28","format":false,"excerpt":"Rivet och ok\u00e4nt var det var bel\u00e4get Bebott av - levdeBodde h\u00e4r \u00c5r-\u00c5rKom fr\u00e5n\/Flyttade till\u00d6vrigtPeter Mattsson177x - 178xKerstin LarssonBarn: Eva, J\u00f6ns, StinaDr\u00e4ngen Nils Svensson (1744 -\u00a0\u00a0 )J\u00f6ns H\u00e5kansson (1757 -\u00a0\u00a0 )ca 1790 - slutet 1790-talet\u00a0\u00a0\u00a0\u00a0\u00a0\u00a0\u00a0\u00a0\u00a0\u00a0\u00a0\u00a0\u00a0\u00a0\u00a0\u00a0 \/Sk\u00f6ldstad KlinttorpMaja Hansdotter (1744 -\u00a0\u00a0\u00a0 )Barn: Anna Cajsa (1785 -\u00a0 ), Maja Stina (1788 -\u00a0\u2026","rel":"","context":"Liknande inl\u00e4gg","block_context":{"text":"Liknande inl\u00e4gg","link":""},"img":{"alt_text":"","src":"","width":0,"height":0},"classes":[]},{"id":1135,"url":"https:\/\/sigedal.se\/index.php\/jonsdotter-2\/","url_meta":{"origin":4067,"position":5},"title":"J\u00f6nsdotter","author":"Kent","date":"2021-03-26","format":false,"excerpt":"NamnBoddeLevdeJ\u00f6nsdotter Anna\u00c5nestad Aspetorpet (1797 - 1829)1759-03-30 - 1829-04-24J\u00f6nsdotter AnnaNybble \u00d6sterhagen (1825 -\u00a0\u00a0\u00a0 )1803-03-07 -\u00a0J\u00f6nsdotter Anna CajsaNybble Soldattorp nr 51 (18xx - 1876)1814 -\u00a0J\u00f6nsdotter Anna Cajsa\u00c5nesta Soldattorp nr 571822 -J\u00f6nsdotter BritaStora Greby (1785 -\u00a0\u00a0\u00a0\u00a0 )17xx -\u00a0J\u00f6nsdotter CarinStora Greby Grenadj\u00e4rtorp nr 59 (ca 1750 -\u00a0\u00a0\u00a0\u00a0 )1724 -\u00a0J\u00f6nsdotter Catarina\u00c5nesta \u00c5netorp, \u00c5nesta Stugan1764 -\u00a0J\u00f6nsdotter\u2026","rel":"","context":"Liknande inl\u00e4gg","block_context":{"text":"Liknande inl\u00e4gg","link":""},"img":{"alt_text":"","src":"","width":0,"height":0},"classes":[]}],"jetpack_sharing_enabled":true,"_links":{"self":[{"href":"https:\/\/sigedal.se\/index.php\/wp-json\/wp\/v2\/pages\/4067","targetHints":{"allow":["GET"]}}],"collection":[{"href":"https:\/\/sigedal.se\/index.php\/wp-json\/wp\/v2\/pages"}],"about":[{"href":"https:\/\/sigedal.se\/index.php\/wp-json\/wp\/v2\/types\/page"}],"author":[{"embeddable":true,"href":"https:\/\/sigedal.se\/index.php\/wp-json\/wp\/v2\/users\/3"}],"replies":[{"embeddable":true,"href":"https:\/\/sigedal.se\/index.php\/wp-json\/wp\/v2\/comments?post=4067"}],"version-history":[{"count":6,"href":"https:\/\/sigedal.se\/index.php\/wp-json\/wp\/v2\/pages\/4067\/revisions"}],"predecessor-version":[{"id":8162,"href":"https:\/\/sigedal.se\/index.php\/wp-json\/wp\/v2\/pages\/4067\/revisions\/8162"}],"wp:attachment":[{"href":"https:\/\/sigedal.se\/index.php\/wp-json\/wp\/v2\/media?parent=4067"}],"curies":[{"name":"wp","href":"https:\/\/api.w.org\/{rel}","templated":true}]}}